ed by 200.
89
What is the remainder when 911 is divided by 8?
7
What is the remainder when 217 is divided by 17?
13
Calculate the remainder when 2744 is divided by 22.
16
What is the remainder when 464 is divided by 15?
14
What is the remainder when 49 is divided by 10?
9
What is the remainder when 11 is divided by 11?
0
Calculate the remainder when 345 is divided by 215.
130
Calculate the remainder when 201 is divided by 68.
65
What is the remainder when 1220 is divided by 44?
32
What is the remainder when 141 is divided by 39?
24
What is the remainder when 250 is divided by 78?
16
Calculate the remainder when 97 is divided by 27.
16
Calculate the remainder when 23302 is divided by 59.
56
What is the remainder when 695 is divided by 13?
6
Calculate the remainder when 1018 is divided by 12.
10
What is the remainder when 172 is divided by 128?
44
Calculate the remainder when 173 is divided by 60.
53
Calculate the remainder when 1859 is divided by 27.
23
What is the remainder when 337 is divided by 27?
13
Calculate the remainder when 75 is divided by 55.
20
What is the remainder when 56 is divided by 15?
11
What is the remainder when 11694 is divided by 39?
33
Calculate the remainder when 119 is divided by 18.
11
What is the remainder when 877 is divided by 40?
37
What is the remainder when 1937 is divided by 483?
5
Calculate the remainder when 1351 is divided by 4.
3
What is the remainder when 832 is divided by 206?
8
What is the remainder when 25 is divided by 11?
3
Calculate the remainder when 158 is divided by 82.
76
Calculate the remainder when 259 is divided by 92.
75
What is the remainder when 870 is divided by 20?
10
What is the remainder when 495 is divided by 134?
93
Calculate the remainder when 880 is divided by 21.
19
Calculate the remainder when 182 is divided by 36.
2
What is the remainder when 536 is divided by 135?
131
What is the remainder when 72 is divided by 11?
6
Calculate the remainder when 60 is divided by 3.
0
What is the remainder when 6282 is divided by 103?
102
Calculate the remainder when 1153 is divided by 373.
34
Calculate the remainder when 52 is divided by 12.
4
Calculate the remainder when 97 is divided by 92.
5
Calculate the remainder when 426 is divided by 145.
136
Calculate the remainder when 262 is divided by 70.
52
Calculate the remainder when 27 is divided by 8.
3
What is the remainder when 60 is divided by 41?
19
Calculate the remainder when 598 is divided by 128.
86
What is the remainder when 308 is divided by 149?
10
Calculate the remainder when 110 is divided by 62.
48
Calculate the remainder when 38 is divided by 27.
11
Calculate the remainder when 2279 is divided by 152.
151
Calculate the remainder when 1994 is divided by 153.
5
Calculate the remainder when 165 is divided by 14.
11
What is the remainder when 2302 is divided by 143?
14
What is the remainder when 237 is divided by 8?
5
Calculate the remainder when 34 is divided by 6.
4
What is the remainder when 98 is divided by 16?
2
Calculate the remainder when 41714 is divided by 135.
134
What is the remainder when 5884 is divided by 1958?
10
What is the remainder when 1289 is divided by 358?
215
Calculate the remainder when 1318 is divided by 24.
22
What is the remainder when 118 is divided by 8?
6
Calculate the remainder when 5210 is divided by 7.
2
Calculate the remainder when 1375 is divided by 274.
5
Calculate the remainder when 278 is divided by 31.
30
Calculate the remainder when 753 is divided by 197.
162
Calculate the remainder when 427 is divided by 168.
91
What is the remainder when 211 is divided by 24?
19
What is the remainder when 268 is divided by 90?
88
Calculate the remainder when 1195 is divided by 386.
37
What is the remainder when 147 is divided by 30?
27
Calculate the remainder when 256 is divided by 27.
13
Calculate the remainder when 334 is divided by 61.
29
What is the remainder when 24001 is divided by 17?
14
What is the remainder when 194 is divided by 49?
47
What is the remainder when 45 is divided by 10?
5
What is the remainder when 100 is divided by 39?
22
Calculate the remainder when 59 is divided by 21.
17
Calculate the remainder when 61 is divided by 59.
2
Calculate the remainder when 183 is divided by 96.
87
Calculate the remainder when 402 is divided by 9.
6
Calculate the remainder when 755 is divided by 343.
69
Calculate the remainder when 670 is divided by 63.
40
What is the remainder when 2143 is divided by 37?
34
Calculate the remainder when 4303 is divided by 27.
10
What is the remainder when 597 is divided by 130?
77
What is the remainder when 7 is divided by 4?
3
Calculate the remainder when 6550 is divided by 3274.
2
Calculate the remainder when 141 is divided by 39.
24
What is the remainder when 2712 is divided by 68?
60
Calculate the remainder when 209 is divided by 55.
44
What is the remainder when 5193 is divided by 433?
430
Calculate the remainder when 419 is divided by 42.
41
Calculate the remainder when 262 is divided by 131.
0
What is the remainder when 1043 is divided by 259?
7
What is the remainder when 53 is divided by 15?
8
Calculate the remainder when 63 is divided by 40.
23
What is the remainder when 622 is divided by 207?
1
Calculate the remainder when 4535 is divided by 56.
55
Calculate the remainder when 2021 is divided by 75.
71
What is the remainder when 55 is divided by 36?
19
Calculate the remainder when 2361 is divided by 168.
9
What is the remainder when 1624 is divided by 68?
60
What is the remainder when 3243 is divided by 58?
53
Calculate the remainder when 502 is divided by 22.
18
Calculate the remainder when 54 is divided by 19.
16
Calculate the remainder when 738 is divided by 106.
102
What is the remainder when 246 is divided by 30?
6
Calculate the remainder when 4977 is divided by 131.
130
What is the remainder when 206 is divided by 11?
8
Calculate the remainder when 368 is divided by 38.
26
What is the remainder when 125 is divided by 114?
11
What is the remainder when 64 is divided by 24?
16
What is the remainder when 1767 is divided by 428?
55
Calculate the remainder when 333 is divided by 327.
6
Calculate the remainder when 544 is divided by 6.
4
What is the remainder when 245 is divided by 60?
5
What is the remainder when 627 is divided by 159?
150
What is the remainder when 346 is divided by 91?
73
What is the remainder when 107732 is divided by 145?
142
What is the remainder when 549 is divided by 55?
54
Calculate the remainder when 21963 is divided by 115.
113
What is the remainder when 291 is divided by 74?
69
What is the remainder when 61 is divided by 17?
10
What is the remainder when 336 is divided by 30?
6
Calculate the remainder when 3873 is divided by 57.
54
Calculate the remainder when 622 is divided by 7.
6
What is the remainder when 204 is divided by 39?
9
Calculate the remainder when 7783 is divided by 15.
13
What is the remainder when 20 is divided by 7?
6
What is the remainder when 497 is divided by 247?
3
What is the remainder when 995 is divided by 5?
0
Calculate the remainder when 251 is divided by 36.
35
Calculate the remainder when 1637 is divided by 78.
77
What is the remainder when 175 is divided by 39?
19
Calculate the remainder when 795 is divided by 382.
31
What is the remainder when 165 is divided by 25?
15
What is the remainder when 190 is divided by 12?
10
What is the remainder when 1290 is divided by 27?
21
Calculate the remainder when 115 is divided by 12.
7
Calculate the remainder when 259 is divided by 81.
16
Calculate the remainder when 373 is divided by 95.
88
Calculate the remainder when 522 is divided by 11.
5
What is the remainder when 4844 is divided by 131?
128
What is the remainder when 361 is divided by 122?
117
What is the remainder when 81 is divided by 74?
7
What is the remainder when 1475 is divided by 359?
39
Calculate the remainder when 105 is divided by 8.
1
What is the remainder when 63 is divided by 61?
2
What is the remainder when 1159 is divided by 89?
2
What is the remainder when 265 is divided by 10?
5
Calculate the remainder when 216 is divided by 20.
16
Calculate the remainder when 2013 is divided by 53.
52
What is the remainder when 39 is divided by 32?
7
Calculate the remainder when 163 is divided by 63.
37
Wh